-7 + l + z)*178/(-8) a composite number?
True
Let p be (-36)/(-30)*(-84 + -1). Let c = -17 + p. Let x = 60 - c. Is x a prime number?
True
Let y(j) = 7896*j + 8663. Is y(11) a prime number?
False
Suppose 4*c - 27*g + 30*g = 240, 16 = -4*g. Suppose -c*d + 52*d + 100617 = 0. Is d composite?
True
Let v be (12 + -1)/((-2)/338). Let g = v - -3078. Suppose -3*c + g = -4*d, -3*c = -4*d + d - 1224. Is c prime?
False
Let x(v) = 4*v**3 + 13*v**2 + 7*v - 23. Is x(9) prime?
False
Let z be 2*238077/72*-4. Let g = z + 74502. Is g composite?
False
Let y(q) = 140*q - 13. Let o(h) = -h**3 + 13*h**2 - 12*h + 3. Let p be o(12). Suppose -p*i = 2*k - 25, 0 = -i - 3*k - 2*k + 17. Is y(i) a composite number?
False
Is (-4)/20 + ((-4645912)/(-5))/2 composite?
False
Suppose 0 = -2*i - 3*u + 203294, 0 = -497*u + 502*u - 20. Is i prime?
True
Let s(p) = 145 - 63*p - 5*p**2 - 14*p**2 - 210 + 2*p**3 + 0*p**3. Is s(28) prime?
True
Suppose -3*p - q + 204127 = 0, 16*p = 17*p - 3*q - 68029. Is p a prime number?
True
Suppose 8*t = 5*t + 6. Let k be 3/(-1) - (t - 14). Suppose -k*x + 1547 + 568 = 0. Is x a prime number?
False
Suppose 3*a + 369479 = 9*a + 5*a. Is a a composite number?
False
Let x(k) = 31*k**2 + 4*k - 7. Let a(g) = -16*g**2 - 2*g + 4. Let y(s) = -5*a(s) - 3*x(s). Let l be y(1). Is (l/8)/(4/752)*-1 composite?
True
Let k = 1290563 + -551982. Is k prime?
True
Suppose -3202156 = -154*f + 37*f + 443447. Is f a composite number?
False
Let o = 127888 + -69545. Is o a composite number?
True
Let q = 4366 + -3028. Suppose -519 = c + n, -2*c - 3*n = n + 1030. Let l = q + c. Is l prime?
False
Let c be (-1 - -2)/(18428/9212 - 2). Let m = 7330 - c. Is m prime?
False
Suppose -3*n = 4*n - 14077. Suppose -1189 - n = -5*m. Suppose 3*g + 791 = 2*u, -3*u + 545 = -4*g - m. Is u a composite number?
True
Let v(u) = 4*u**2 - 12*u + 12. Let k(r) = 9*r**2 - 25*r + 23. Let h(c) = 3*k(c) - 7*v(c). Let w be h(5). Let s(a) = 103*a + 26. Is s(w) composite?
False
Let z(q) be the second derivative of 0 - 6*q + 1/4*q**4 + 9/5*q**5 - 1/6*q**3 + 7/2*q**2. Is z(3) a composite number?
True
Suppose 2*b - b = 3. Let y(l) = 566*l - 19. Is y(b) a prime number?
False
Suppose 6980 = -3*z + 5*o + 67786, -5*z - 2*o = -101333. Is z prime?
False
Suppose -o = -3*v + 11601, 0*v + 15468 = 4*v + 4*o. Is v composite?
True
Let h = 86 - 79. Suppose -3*y = 0, -h*u - 5*y = -11*u + 708. Is u composite?
True
Suppose -51*x + 331279 + 25263 + 746843 = 0. Is x composite?
True
Suppose -62922 - 1169408 = -31*z + 1143293. Is z a composite number?
True
Let l be (-4)/(-12) - 140/15. Let a(m) = -2*m**3 + 7*m**2 + 33*m - 9. Let h be a(l). Suppose 2*c = h + 199. Is c composite?
True
Let v = 919950 - 643433. Is v a composite number?
False
Let k(v) = 2*v**2 - 391*v - 182. Is k(-89) prime?
True
Let q = -42779 + 97720. Is q prime?
True
Suppose -51*i = -3*i + 47*i - 6980695. Is i a composite number?
True
Let d = -3250 - -7935. Is d composite?
True
Let m(f) = 6*f**2 + 94*f + 657. Is m(65) a composite number?
False
Let h(i) = 2*i**2 - 30*i - 28. Let b be h(16). Suppose 0 = -b*v + 4262 - 1314. Is v prime?
False
Suppose -435949 = -47*x + 34380. Is x prime?
True
Suppose -24*k - 71 = -25*k. Suppose -6*j - 23 = -k. Suppose -1162 = 6*c - j*c. Is c a composite number?
True
Suppose 0 = 41*z - 508 - 886. Suppose 141635 = -z*p + 1015333. Is p prime?
False
Suppose -6*m = -4*m + 5*f - 614137, -1842466 = -6*m - 4*f. Is m prime?
False
Let o(p) be the second derivative of p**4/12 - p**3/6 - 4179*p**2 + 10*p. Let g be o(0). Is g/(-98) + (-4)/14 composite?
True
Let i = 5449 - -7932. Suppose -4391 = -d - 4*f, 5*d - 8574 = 4*f + i. Is d a composite number?
False
Let g(b) be the second derivative of b**5/10 + 3*b**4/4 - 4*b**3/3 - 10*b**2 - 43*b. Let n be g(-8). Let a = 711 + n. Is a prime?
True
Suppose 0 = 2*t + n - 110, 208 = 4*t + 9*n - 4*n. Suppose -2*d - t*d = -1108787. Is d a prime number?
True
Let k = -691703 - -1034830. Is k a composite number?
False
Suppose 1 = 5*v - 24. Suppose -v*f + 60 = s + 2*s, -4*s + 38 = 2*f. Suppose -f*y - 10662 = -15*y. Is y prime?
True
Let i be (-43 + 46)*(-2)/((-12)/22). Is 11/i*(307 + -2) a prime number?
False
Let z(o) = -59*o**3 + 3*o**2 - 9*o - 14. Let f be z(-4). Is f/12 + 10 - (-1)/2 prime?
True
Is ((-12)/(-45)*-5*3)/(4/(-83857)) composite?
False
Let g be ((-2 - -3) + 0)/((-2)/32). Is ((-683)/(-3))/((g/204)/(-4)) prime?
False
Suppose 14*b - 3002 = -16624. Let s = 3294 - b. Is s a composite number?
True
Let k be (-45)/(-3) - (-7 + 9). Suppose -2*u = -6, -5*z = 2*u + 3*u - 45. Suppose -z*p = -k*p + 15883. Is p a composite number?
False
Suppose -k - 4 = 1, 2*k = -2*p - 42. Is -4 + (2/2 - 335072/p) a prime number?
True
Suppose -2100327 + 522542 = -55*n. Is n a composite number?
False
Let v(n) = -n**3 + 26*n**2 - 15*n - 9. Let o(j) = 2*j**3 - 51*j**2 + 30*j + 19. Let l(k) = -4*o(k) - 7*v(k). Is l(16) prime?
True
Let k = -2051 - -3215. Suppose c - 3*c = 5*g - 26, -3 = 3*c - 3*g. Suppose k = c*o + 261. Is o a composite number?
True
Let s(j) = 16647*j - 545. Is s(2) a prime number?
True
Suppose 9 = t - 4*x, 0 = 26*t - 23*t - 5*x + 1. Is 4*(-8)/(-16) - t*431 composite?
False
Let j be (944/12)/(5/165). Let t = j - 1214. Is t a prime number?
False
Is (539 - 538)*((-548595)/(-3) + -2 + 0) composite?
True
Suppose -215*s = 15102885 - 62235400. Is s prime?
False
Let z(d) = -663*d - 20. Let i(g) = -665*g - 20. Let p(v) = 5*i(v) - 6*z(v). Is p(7) prime?
True
Let q(p) = 11650*p**2 + 38*p - 5. Is q(-2) composite?
True
Let i = -4058 - -9555. Is i composite?
True
Let z(w) = -49*w**3 - 4*w**2 + 13*w + 65. Is z(-6) a composite number?
False
Let o = 3765 - -2576. Is o a composite number?
True
Let y = -4110 - -2780. Let i = 3079 + y. Is i/4 + (3/4)/(-3) prime?
False
Let u be 1/3 + (-832648)/(-87). Let x = u + -5477. Let r = x + -2227. Is r prime?
True
Let c(d) = 2*d**3 - 21*d**2 + 9*d + 18. Let b be c(10). Is b/40 - 104112/(-15) prime?
False
Is 12/(-9) + (7 + (-2578548)/(-9) - -3) composite?
True
Is ((-4801296)/30)/(-46)*(-5)/(-2) a prime number?
False
Let j = 47 - 44. Suppose -t - 3*t + 2016 = j*z, -3*z - 3*t = -2016. Suppose -4*c + z = -520. Is c a prime number?
False
Suppose 50*b - 36*b - 242928 = 0. Suppose 0 = 14*n - b + 398. Is n a prime number?
False
Suppose -w = -b - 23967, 9*b - 10*b = -2*w + 47938. Is w a composite number?
False
Suppose 23 - 13 = 2*f, -22238 = -4*v - 2*f. Is v composite?
False
Is (480/70 - 8) + (-2321202)/(-14) composite?
False
Let m(n) = -457*n**3 + 251*n**2 - 3*n + 4. Is m(-5) a prime number?
True
Suppose 0*z + z = 2. Suppose g + 82*o = 85*o - 1, -3*g + 4*o + 2 = 0. Suppose g*l - 6961 = -m + 2461, -5*l - z*m = -23555. Is l prime?
False
Suppose -14*f + 18*f - 113900 = 0. Let h = f - 16818. Is h a composite number?
False
Suppose -3207 = 3*l - 2*v, 4*l + 4560 - 280 = 4*v. Let p = -736 - l. Is p a prime number?
True
Is ((-2)/(-8))/(333/233271828) a prime number?
True
Suppose 0 = b + 5*y - 24046, 3*y + 96279 = 4*b + 4*y. Is b prime?
True
Suppose -6*b + 9*b = 3*d + 4065, -3*b + 4070 = 2*d. Let w = b + -587. Is w a prime number?
True
Let y(i) = -1096*i**3 - 3*i**2 - 4*i - 1. Let c be y(-1). Suppose c = g - n, -4385 = -3*g - g + 3*n. Is g a prime number?
True
Let w(k) = -70*k**3 - 43*k**2 + 102*k + 88. Is w(-31) a composite number?
True
Suppose -36412558 - 24751542 = -254*h - 18534518. Is h prime?
False
Is (-17)/68*17*-163612 composite?
True
Let g = -4328 - -4327. Let m = -4 + 7. Is (-6 - -4 - 109)*g/m prime?
True
Suppose 0 = -3*c + 2*c. Let w = c - 0. Suppose -3*r = -r + 4*p - 94, w = -r - 4*p + 45. Is r prime?
False
Let r = 151437 + -12400. Is r a composite number?
True
Suppose u = 2*a - 0*u - 2931, 0 = -2*a + 5*u + 2911. Suppose -7*i + 11*i = a. Is i a prime number?
True
Let q(r) = -r**3 + 21*r**2 - 17*r + 131. Let k(x) = 20*x + 236. Let m be k(-11). Is q(m) prime?
False
Let j(g) = -g**2 - g - 1. Let q(r) = 14*r**2 + 5*r - 32. Let t(z) = -6*j(z) + q(z). Is t(9) composite?
False
Let s(t) = -3*t - 25. Let a be s(-9). Suppose a*p + 1531 = 7717. Is p a prime number?
False
Let p be -1 + 1 + 3 + 0. Suppose 4*k + 4*y = 5904, k - p*k = 5*y - 2940. Let v = -797 + k. Is v a composite number?
False
Let l(a) = 15*a**2 - a. Let t be l(6). Suppose -5*s = -15, 5*x = 3*s - s + t. Suppose x = i - 479. Is i composite?
False
Let i(z) =